et n be 2/4 + 88/16. Let f be 3*(-1)/n*-4. Let l(o) = 4 - 5 - 2 + f*o. Determine l(-3).
-9
Let l(u) = -2*u + 2. Let w(h) = h**2 + 19*h + 23. Let g be w(-18). What is l(g)?
-8
Let b be (2/12)/(1/6). Let g(m) = -44*m**2. Determine g(b).
-44
Let s(p) = -p**2 - 9*p + 2. Let n(o) = o**2 + 23*o + 12. Let h be n(-22). What is s(h)?
-8
Let s(t) be the second derivative of -t**4/12 + 11*t**3/6 - t**2 + 123*t. What is s(9)?
16
Let r(j) = 6 - j**3 - 7*j**2 - j**2 - 11*j - 4*j**2 + 8. Give r(-11).
14
Let x = 761 + -760. Let a(d) = -7*d**3 - d**2 + 1. Calculate a(x).
-7
Let u(q) be the first derivative of -q**2/2 - q + 33. Calculate u(10).
-11
Let t(h) be the third derivative of 1/6*h**3 + 13*h**2 + 1/30*h**5 + 1/12*h**4 + 0 + 0*h - 1/20*h**6. Determine t(-1).
7
Let m = -9 - -73. Suppose 2*n = -m + 70. Let x(p) be the third derivative of -p**4/12 + 2*p**3/3 - p**2. Give x(n).
-2
Let m(g) = g**3 + g**2 + 7. Let h be -7 - (7/(-3))/((-15)/(-45)). Give m(h).
7
Let y(p) = -2*p + 3. Let q(z) = -z - 1. Let s(r) = 4*q(r) - y(r). Let f(w) = -2*w - 6. Let d(j) = 6*f(j) - 5*s(j). Calculate d(-5).
9
Let f(z) = 9 + 3 - 10 - z**2 - 4*z - 3*z**2. Let h(u) = -3*u**2 - 4*u + 1. Let r(k) = -2*f(k) + 3*h(k). Let o be ((-2)/(-4))/(3/(-18)). What is r(o)?
2
Let k(r) = 5*r - 1. Let h(b) = 24*b + 7. Let t(m) = h(m) - 5*k(m). Give t(11).
1
Let g(q) = q**3 - 5*q**2 + 2*q + 1. Let i be 0/(4/(-4) + 4). Suppose -5*b = 2*w - 70, i = -4*w - 1 + 21. Suppose -9*r - 9 = -b*r. Calculate g(r).
-11
Let u(t) be the first derivative of -13*t**2/2 - 5. Suppose 51*d - 53*d - 2 = 0. Give u(d).
13
Let k(x) = 8*x - 4. Let q be k(3). Suppose 3*m + q = 5*m. Let h(j) = -j**3 + 11*j**2 - 9*j - 8. What is h(m)?
2
Suppose -15 = 3*p + 3. Let h(l) = -l**3 - 7*l**2 - 7*l - 6. Let a be h(p). Let t(g) = -g**3 + g + a - 2 + g - g**2 + g. Give t(2).
-8
Let z(l) = l**2 + 7*l. Let u(d) = 16*d**2. Let k be u(-1). Suppose h + k = 3*i, 2*h = -5*i - 29 + 74. Let c = -13 + i. Give z(c).
-6
Let f(b) be the third derivative of -b**7/840 + 7*b**6/360 - b**5/40 - 7*b**4/24 - 17*b**3/6 - 3*b**2. Let h(k) be the first derivative of f(k). Determine h(6).
11
Suppose 4*n = 2*n, 15 = -5*w - 5*n. Let y(l) = l**3 + 7*l**2 + 4*l - 11. Let i be y(-6). Let h(s) = s**3 + 0*s**3 + 5 + 2*s + 3*s**2 - i. Calculate h(w).
-2
Suppose -4*d + 5*o + 7 = 0, -3*d - o = -d - 7. Let y be (d - 1)*65/(-26). Let v = y + 5. Let f(i) = -i**2 - i + 2. Calculate f(v).
2
Let x = -2 + 4. Let q(l) = -45*l**2 + 46*l**x + 4 - 7*l + 4*l. What is q(3)?
4
Let v(y) = -y**2 + 4*y - 3. Let j(z) = -z**2 + 3*z - 2. Let x(u) = 5*j(u) - 4*v(u). Suppose 5 + 11 = 4*s, p = 5*s - 18. Calculate x(p).
-4
Suppose -1 = -q - 3*d, 0*q = -3*q + 3*d - 9. Let l be -18*-2*q/(-12). Let f(v) = -v + 7. Calculate f(l).
1
Let v be ((-5)/15)/((-3)/9). Let f be (-1 - -4 - 4)/v. Let d = f + 5. Let l(b) = b**3 - 5*b**2 + 2*b + 3. Determine l(d).
-5
Suppose -18 = m - 21. Let u(o) = -20*o + 5. Let a(k) = 7*k - 2. Let h(r) = m*u(r) + 8*a(r). Let l = -10 - -7. Calculate h(l).
11
Let m(j) = -11*j**2 + 4*j - 7. Let z(u) = -31*u**2 + 11*u - 21. Let x(d) = 17*m(d) - 6*z(d). Give x(5).
-8
Let v(i) be the third derivative of -i**6/180 + i**5/40 - i**4/24 - 19*i**3/6 - 4*i**2. Let s(c) be the first derivative of v(c). Determine s(2).
-3
Let p(j) = 8*j - 1. Let g be p(-1). Let v(m) = -5*m + 6. Let w(n) = -9*n + 12. Let u(a) = 11*v(a) - 6*w(a). Calculate u(g).
3
Let y(h) be the second derivative of -h**3 + 5*h**2 - 9*h + 3. Give y(-6).
46
Suppose -5*o + 20 = u, 5*o - 8 = 2. Suppose 2*r + u*c = 5*c + 27, -10 = 5*r - 3*c. Let a(h) = -7*h**3 - h. Calculate a(r).
-8
Let f(s) be the second derivative of s**5/20 - s**4/6 - s**3/2 - s**2 + 10*s. Let g be f(4). Let c(l) = -l**2 - g + 12 - 7*l + 8. What is c(-5)?
12
Suppose 7*o - 3*o - 4*f = 8, 3*o + f + 10 = 0. Let i(w) = 7*w**2 + 3*w + 1. Give i(o).
23
Let v(f) = f - 1. Suppose 12*j - 10 = 14. Calculate v(j).
1
Let o be 2 - 3 - 4/2. Let w(v) = 3*v - 3. Let b(r) = r**3 - 8*r**2 + 7*r - 2. Let x be b(7). Let y(i) = -3*i + 3. Let a(h) = o*y(h) + x*w(h). Give a(3).
6
Let r(x) be the first derivative of -2*x**3 - 3*x**2/2 + 28. Give r(-1).
-3
Let s(v) be the first derivative of -3*v**2 - 3*v - 154. Give s(3).
-21
Let l(v) = -v + 13. Let s = -22 + 33. Let y be l(s). Let b(h) = 6*h + h**3 + 5*h**2 - 6 + 0*h - y + 10. Calculate b(-4).
-6
Let w(y) = -3*y**3 - 3*y**2 - 2*y - 1. Let o(l) be the first derivative of l**2 - 2*l + 13. Let p be o(0). Give w(p).
15
Let l(k) = 151 + 136 + k**2 - 439 - 3*k + 149. Let y(n) = 4*n**3 - n**2 + 1. Let g be y(1). What is l(g)?
1
Let o(r) = -9*r**2 + 16*r - 9. Let h(t) = 7*t**2 - 15*t + 8. Let p(g) = 5*h(g) + 4*o(g). Give p(-12).
-8
Suppose 4*n = 21 - 5, 4*q + 5*n - 24 = 0. Let t = -13 - -22. Let x(d) = -5*d + 3. Let b(f) = -11*f + 7. Let k(y) = t*x(y) - 4*b(y). What is k(q)?
-2
Let b(o) = o**3 + o**2 + 1. Suppose 2*d - 6 = -22. Let t(s) be the third derivative of -s**5/60 - 7*s**4/24 + s**3 + 2*s**2. Let i be t(d). Determine b(i).
-3
Let x(p) = -9*p**3 - 5*p**2 - 4*p - 1. Let y(t) = 7*t**3 + 6*t**2 + 6*t + 1. Let m(j) = -4*x(j) - 5*y(j). Calculate m(11).
-34
Suppose -19*v + 12 + 83 = 0. Let w(y) = 7*y - 9. What is w(v)?
26
Suppose -5*n = -5 - 10. Suppose -17 = -4*f + 5*p + 16, -2 = 4*f + 2*p. Let g(z) = -3*z**2 + 4*z + 4*z**f - 2*z**2 + 4. Give g(n).
7
Let k(n) be the second derivative of n**4/12 - 2*n**3/3 + n**2 + 69*n. Determine k(5).
7
Suppose -21 = 5*c - 8*c. Suppose -13*d + c = -6*d. Let s(a) = 1 + 1 - a + 9*a**2 - 1. What is s(d)?
9
Let k(z) = 4*z**3 - 19*z**2 - z + 6. Let r(j) = -j**3 + 5*j**2 - 2. Let v(q) = -2*k(q) - 9*r(q). Give v(5).
-34
Let y(j) be the first derivative of j**2/2 - 3*j + 2. Let w be y(6). Let n(c) be the second derivative of c**4/12 - c**2 + 2*c. Give n(w).
7
Let d(p) = p**3 + 4*p**2 - 2*p. Let r be 6*((-21)/9 + 3). Let i = 8 + -8. Suppose i*u + r = -u. Determine d(u).
8
Let a(z) = z**2 - 4*z - 7. Let v(t) = 7*t**2 + 8*t. Let p(r) = r**2 + r. Let h(x) = -6*p(x) + v(x). Let u be h(-2). Suppose -25 + u = -5*b. Determine a(b).
-2
Let r be 7 - ((-2)/(-4))/((-4)/(-16)). Let v(z) = z - 4. Calculate v(r).
1
Let x(j) be the first derivative of -j**4/4 - 3*j**3 + 9*j**2/2 - 12*j - 52. Let b(c) = -2*c - 2. Let o be b(4). What is x(o)?
-2
Let b be (9/5)/3 - (-21)/(-35). Suppose -3*a + 5 = -j, -3*j + b*j + 3 = 0. Let o(l) = 3*l**2 + 3*l - 1. Determine o(a).
17
Let t(l) = -5*l - 2*l + 1 - 28*l - 2*l. What is t(1)?
-36
Suppose 2*u + f - 14 + 3 = 0, 3*u + f - 14 = 0. Let w(k) = -5*k**2 + 5*k - 3. Give w(u).
-33
Suppose -23*o = -32*o + 9. Let q(p) be the first derivative of 1/4*p**4 - o + 1/3*p**3 + 1/2*p**2 + p. Determine q(-1).
0
Let n(o) = 5*o**2 + 64*o - 34. Let a(g) = 3*g**2 + 42*g - 22. Let m(s) = 8*a(s) - 5*n(s). What is m(16)?
-6
Let h(v) = -v**3 - 9*v**2 + 1. Let n be (-3 + -1)*(-1 - (-65)/20). What is h(n)?
1
Let q(p) be the third derivative of -p**5/30 + 5*p**4/6 - 8*p**3/3 + 25*p**2. Let d be q(9). Let h(i) = -2*i + 3. Give h(d).
-1
Let u(i) = 3*i - 1. Let o = -12 + 16. Suppose -6 = 7*t - o*t. Calculate u(t).
-7
Let p(b) = -1 - 2 - b**2 - 2*b - 3*b. Suppose -3*u + 1 = 7. Let c = u - 3. What is p(c)?
-3
Let i(g) = -25*g**2 + 13*g + 1. Let w(o) = -9*o**2 + 4*o. Let l(t) = 3*i(t) - 8*w(t). Calculate l(4).
-17
Let g be 9/(63/28) + -1 + 0. Let p(w) = -g*w + 12 - 21 + 6*w - 4*w. Determine p(-8).
-1
Let v be -2*(-3)/(-6)*-2. Let f(g) = 2 + 2*g**3 - g - 3*g**2 - v*g**2 - 3*g**3. Suppose -3*b - 5*s - 1 = 34, -4*b - 28 = 2*s. Give f(b).
7
Let y(a) = a - 4. Let p be y(6). Suppose h - 16 = -4*b, -3*h - b + p = -13. Let w be h/(-6) - (-8)/3. Let x(k) = -k**3 - 2*k + 2. Determine x(w).
-10
Let i(z) = -z + 1. Suppose -5*x + 4 = -6. Suppose -3*q + x*g = -0*q - 21, q + 5*g = 24. Give i(q).
-8
Let s(f) = -f**2 + 12*f + 5. Let m(x) = 3*x**2 - 25*x - 9. Let v(q) = 2*m(q) + 5*s(q). Give v(-10).
7
Let u(h) be the third derivative of h**6/120 - h**5/60 - h**4/8 + 5*h**3/6 + 7*h**2. Let j be u(2). Let r(x) = -x**2 + 0*x - x**3 + 4*x**2 - 2*x. Give r(j).
-6
Let b(z) = 2 - 3 - 11 - z**2 - 22*z + 30*z. What is b(6)?
0
Let a be (10/25 - 9/60)*4. Let y be (22 - 27)/(1/a). Let f(n) be the first derivative of -n**2/2 - 8*n + 1. What is f(y)?
-3
Let d(s) = 3*s**3 - 1. Let n(x) = -14*x**3 + x**2 + 4. Let k(a) = -5*d(a) - n(a). Determine 